 13) in base 15?
0
What is 1 (base 12) in base 6?
1
What is 2 (base 15) in base 12?
2
-1 (base 16) to base 15
-1
What is 13 (base 5) in base 15?
8
What is -130 (base 4) in base 15?
-1d
172 (base 11) to base 2
11001000
19 (base 15) to base 12
20
Convert -110021 (base 3) to base 5.
-2311
11000 (base 2) to base 7
33
What is 0 (base 5) in base 11?
0
Convert 1011 (base 3) to base 4.
133
6 (base 9) to base 7
6
What is -1442 (base 5) in base 15?
-117
What is 22 (base 3) in base 12?
8
What is -25 (base 6) in base 9?
-18
-3 (base 7) to base 16
-3
Convert -84 (base 11) to base 8.
-134
32 (base 6) to base 15
15
What is 303 (base 5) in base 8?
116
Convert 2a (base 15) to base 3.
1111
What is 445 (base 8) in base 2?
100100101
-276 (base 8) to base 11
-163
-1110 (base 2) to base 12
-12
What is 14 (base 6) in base 2?
1010
What is -11 (base 2) in base 11?
-3
Convert -35 (base 8) to base 13.
-23
What is -3 (base 16) in base 3?
-10
Convert 6 (base 11) to base 5.
11
Convert 0 (base 15) to base 12.
0
Convert -1001 (base 4) to base 15.
-45
What is -2 (base 9) in base 6?
-2
Convert 5 (base 11) to base 2.
101
What is -71 (base 16) in base 3?
-11012
Convert 12 (base 8) to base 12.
a
What is -9b (base 14) in base 4?
-2021
Convert -1001111 (base 2) to base 9.
-87
Convert 20 (base 3) to base 12.
6
What is -1233 (base 4) in base 16?
-6f
What is -6 (base 11) in base 10?
-6
20 (base 11) to base 14
18
What is -6 (base 12) in base 4?
-12
Convert 2 (base 7) to base 2.
10
Convert -1101 (base 5) to base 7.
-304
-230 (base 4) to base 10
-44
-102 (base 4) to base 15
-13
What is 9 (base 14) in base 11?
9
-144 (base 5) to base 3
-1211
What is 3 (base 6) in base 5?
3
Convert -1e (base 16) to base 11.
-28
11 (base 12) to base 7
16
-8 (base 12) to base 16
-8
Convert -1 (base 8) to base 16.
-1
Convert 265 (base 7) to base 6.
401
Convert -5 (base 10) to base 15.
-5
Convert -21 (base 7) to base 6.
-23
What is 21 (base 4) in base 16?
9
What is -110 (base 13) in base 7?
-350
Convert -17f (base 16) to base 11.
-319
190 (base 13) to base 6
1154
3 (base 5) to base 16
3
5 (base 14) to base 11
5
What is 4 (base 11) in base 16?
4
What is -3 (base 10) in base 16?
-3
What is -141 (base 13) in base 2?
-11011110
What is 4 (base 14) in base 5?
4
Convert 1010 (base 6) to base 11.
192
What is 73 (base 9) in base 10?
66
-1d (base 16) to base 6
-45
Convert f (base 16) to base 15.
10
7 (base 14) to base 15
7
-3 (base 7) to base 2
-11
-4 (base 14) to base 4
-10
Convert -b (base 15) to base 14.
-b
Convert 15 (base 11) to base 8.
20
10122 (base 3) to base 8
142
Convert 112 (base 3) to base 9.
15
What is -2 (base 11) in base 7?
-2
What is -110 (base 4) in base 14?
-16
What is 3 (base 4) in base 8?
3
19 (base 11) to base 14
16
What is -461 (base 7) in base 5?
-1424
Convert 0 (base 7) to base 3.
0
What is -326 (base 8) in base 4?
-3112
-c6 (base 13) to base 5
-1122
What is 9 (base 11) in base 4?
21
0 (base 3) to base 10
0
Convert -2 (base 13) to base 8.
-2
What is -7 (base 13) in base 12?
-7
Convert -15 (base 6) to base 8.
-13
Convert 12 (base 16) to base 15.
13
What is -5e (base 16) in base 11?
-86
What is 1011 (base 4) in base 7?
126
323 (base 4) to base 11
54
What is 54 (base 12) in base 13?
4c
Convert 3a (base 12) to base 5.
141
Convert 5 (base 16) to base 10.
5
2a (base 15) to base 14
2c
-1011 (base 2) to base 9
-12
Convert -8 (base 16) to base 3.
-22
What is -83 (base 10) in base 11?
-76
What is 1 (base 15) in base 14?
1
Convert 13 (base 5) to base 15.
8
Convert -2 (base 12) to base 15.
-2
Convert 3 (base 9) to base 5.
3
Convert 1 (base 8) to base 15.
1
1 (base 8) to base 10
1
0 (base 7) to base 11
0
2 (base 8) to base 3
2
Convert 15 (base 6) to base 13.
b
What is -1000 (base 3) in base 4?
-123
3 (base 14) to base 8
3
-3 (base 13) to base 12
-3
What is e9 (base 15) in base 6?
1003
What is 3 (base 6) in base 8?
3
Convert -14 (base 12) to base 13.
-13
-6 (base 9) to base 15
-6
Convert -171 (base 8) to base 4.
-1321
1 (base 15) to base 12
1
1 (base 7) to base 5
1
Convert 187 (base 12) to base 14.
139
Convert ea (base 15) to base 4.
3130
-12 (base 5) to base 10
-7
Convert -125 (base 7) to base 13.
-53
-14 (base 7) to base 11
-10
1110 (base 2) to base 15
e
What is -1 (base 4) in base 11?
-1
Convert -100 (base 3) to base 8.
-11
What is -101 (base 2) in base 9?
-5
-1 (base 5) to base 6
-1
Convert 22 (base 12) to base 16.
1a
63 (base 9) to base 15
3c
What is -1a (base 14) in base 12?
-20
-10 (base 4) to base 15
-4
-11 (base 4) to base 8
-5
Convert -6 (base 14) to base 13.
-6
What is -30 (base 13) in base 8?
-47
-112 (base 5) to base 8
-40
What is 0 (base 10) in base 6?
0
-2 (base 14) to base 4
-2
Convert 9 (base 11) to base 9.
10
Convert -51 (base 14) to base 8.
-107
14 (base 8) to base 7
15
What is 5 (base 14) in base 7?
5
Convert 13 (base 7) to base 12.
a
2b (base 12) to base 10
35
What is -2022 (base 5) in base 14?
-14a
1 (base 11) to base 7
1
Convert -101 (base 3) to base 16.
-a
-6 (base 9) to base 7
-6
Convert -6 (base 8) to base 15.
-6
What is -10 (base 12) in base 7?
-15
Convert 3 (base 6) to base 7.
3
-3 (base 13) to base 6
-3
Convert -145 (base 8) to base 16.
-65
What is 4 (base 10) in base 12?
4
31 (base 10) to base 14
23
What is -213 (base 6) in base 14?
-5b
8 (base 11) to base 15
8
1230 (base 4) to base 3
11000
What is -4 (base 11) in base 14?
-4
Convert -1 (base 16) to base 10.
-1
12 (base 8) to base 5
20
101 (base 13) to base 12
122
274 (base 8) to base 12
138
-4 (base 7) to base 4
-10
What is 16 (base 10) in base 16?
10
Convert 0 (base 16) to base 9.
0
Convert 11 (base 4) to base 7.
5
Convert -1 (base 5) to base 11.
-1
Convert b (base 12) to base 16.
b
2 (base 5) to base 12
2
42 (base 13) to base 12
46
Convert -41 (base 8) to base 3.
-1020
What is -47 (base 12) in base 9?
-61
-6 (base 15) to base 13
-6
1b (base 15) to base 5
101
4 (base 12) to base 4
10
Convert 24 (base 5) to base 2.
1110
What is 110 (base 2) in base 16?
6
What is 60 (base 10) in base 4?
330
What is 10 (base 5) in base 6?
5
Convert 4 (base 16) to base 8.
4
4 (base 15) to base 14
4
What is -4b (base 16) in base 14?
-55
6 (base 7) to base 2
110
25 (base 15) to base 11
32
22 (base 12) to base 10
26
Convert 2 (base 11) to base 4.
2
What is -1 (base 15) in base 9?
-1
-11 (base 2) to base 6
-3
What is 2a (base 12) in base 4?
202
Convert 20 (base 3) to base 16.
6
Convert 100 (base 11) to base 6.
321
Convert -2 (base 15) to base 10.
-2
-214 (base 5) to base 13
-47
What is 172 (base 8) in base 13?
95
Convert -2 (base 13) to base 16.
-2
Convert -184 (base 14) to base 5.
-2222
Convert 110 (base 2) to base 12.
6
Convert -101110011 (base 2) to base 11.
-308
0 (base 7) to base 5
0
-189 (base 12) to base 8
-371
What is -15 (base 8) in base 10?
-13
Convert 1 (base 3) to base 4.
1
What is -220 (base 3) in base 4?
-120
What is -85 (base 11) in base 4?
-1131
-10 (base 12) to base 7
-15
Convert 0 (base 14) to base 6.
0
-5 (base 12) to base 10
-5
Convert -212 (base 4) to base 13.
-2c
What is -2230 (base 4) in base 5?
-1142
Convert -120 (base 3) to base 11.
-14
What is -4 (base 7) in base 14?
-4
2 (base 8) to base 14
2
5 (base 10) to base 7
5
Convert -163 (base 7) to base 5.
-334
What is 75 (base 9) in base 13?
53
-4 (base 11) to base 14
-4
Convert -9 (base 14) to base 7.
-12
Convert -14 (base 9) to base 2.
-1101
Convert -8 (base 16) to base 9.
-8
Convert -305 (base 7) to base 14.
-ac
Convert -5 (base 12) to base 3.
-12
Convert 1034 (base 5) to base 3.
12100
What is 44 (base 12) in base 10?
52
-153 (base 6) to base 4
-1011
What is -2 (base 16) in base 6?
-2
What is 141 (base 5) in base 12?
3a
What is -10c (base 15) in base 8?
-355
Convert -11b (base 12) to base 8.
-247
Convert 2 (base 5) to base 7.
2
-8 (base 12) to base 6
-12
Convert 33 (base 6) to base 9.
23
41 (base 5) to base 4
111
What is 41 (base 5) in base 15?
16
3 (base 13) to base 3
10
Convert 4 (base 9) to base 14.
4
What is 87 (base 9) in base 7?
142
Convert 32 (base 7) to base 8.
27
136 (base 7) to base 11
6a
Convert c (base 14) to base 8.
14
What is -7 (base 12) in base 16?
-7
2123 (base 4) to base 8
233
0 (base 13) to base 2
0
What is 141 (base 11) in base 10?
166
What is -b5 (base 13) in base 3?
-12111
What is 2 (base 3) in base 7?
2
What is 10000 (base 2) in base 14?
12
What is -5 (